1791?
-1794
In base 3, what is 1110100112 + -221?
1110022121
In base 8, what is -752120 - -3?
-752115
In base 16, what is -5c - 1a60?
-1abc
In base 15, what is -2dd + -3c9?
-6b7
In base 16, what is -4c0cf - 0?
-4c0cf
In base 8, what is -33 + -257274?
-257327
In base 5, what is -2324 - 301?
-3130
In base 6, what is 11034343 - 4?
11034335
In base 13, what is -b08b + -3b?
-b0c9
In base 9, what is 1555515 + 5?
1555521
In base 14, what is 4 - -1564d?
15653
In base 15, what is -2 + 2cd6?
2cd4
In base 5, what is 1131413 - -2?
1131420
In base 3, what is 1100 - -20212102200?
20212111000
In base 11, what is -a7058 - -5?
-a7053
In base 16, what is -e913 - -3?
-e910
In base 9, what is 376 + -18?
357
In base 10, what is -3622 + -230?
-3852
In base 14, what is 1a + 2111?
212b
In base 12, what is -37135a + -2?
-371360
In base 10, what is -5 - -10254?
10249
In base 9, what is -12817226 + -3?
-12817230
In base 15, what is 12e + c1?
200
In base 5, what is -241 + -23210?
-24001
In base 16, what is 95 - ce?
-39
In base 7, what is 1 + 41662?
41663
In base 7, what is -126 - 1205?
-1334
In base 4, what is 1302232022 + -2?
1302232020
In base 7, what is -532524 - 1?
-532525
In base 5, what is 244241 - -2?
244243
In base 12, what is 369 + -7a52?
-76a5
In base 7, what is 2503554 - 31?
2503523
In base 10, what is 7056 + 3?
7059
In base 3, what is 21011101010 + -2?
21011101001
In base 11, what is 9 - -63383?
63391
In base 16, what is fc + 4d?
149
In base 12, what is -53 - 2b3?
-346
In base 13, what is -1 + 67c?
67b
In base 14, what is -ba09 + 8?
-ba01
In base 8, what is 0 - -1531255?
1531255
In base 2, what is 1111101001110111 + -1111?
1111101001101000
In base 13, what is b89 + 2?
b8b
In base 8, what is 14642 + -46?
14574
In base 14, what is -5 + 12749a?
127495
In base 9, what is 0 - -124022?
124022
In base 9, what is 4 + -163786?
-163782
In base 3, what is -1120212010121 - 10?
-1120212010201
In base 6, what is -34143 + 124?
-34015
In base 3, what is 221 - 101?
120
In base 7, what is 43 - -25431?
25504
In base 10, what is 55 - -506?
561
In base 15, what is -3862 - 17?
-3879
In base 14, what is 62 - -6?
68
In base 9, what is 203 - -773?
1076
In base 12, what is 51a6 + 34?
521a
In base 13, what is -5 - -25149c?
251497
In base 14, what is 2 - 5ac?
-5aa
In base 15, what is 417b - 4e?
412c
In base 9, what is -155604 + 25?
-155568
In base 3, what is 22011122 + 1121?
22020020
In base 11, what is -48a13 + 4?
-48a0a
In base 7, what is 12 + -102442?
-102430
In base 12, what is 41ab1 + -5?
41aa8
In base 10, what is -173 - 46?
-219
In base 7, what is 1 - 3063?
-3062
In base 14, what is 10d0 + -2?
10cc
In base 6, what is -4 - 10032211?
-10032215
In base 15, what is -1dd97 - 1?
-1dd98
In base 12, what is 4 - 4675?
-4671
In base 11, what is 8 + 39422?
3942a
In base 2, what is 1101 - -100111011011?
100111101000
In base 8, what is -413 + -24764?
-25377
In base 2, what is 11111110111110010100 - 0?
11111110111110010100
In base 14, what is 21891 - -3?
21894
In base 14, what is -45966 - 1?
-45967
In base 3, what is 12 - 2112220101?
-2112220012
In base 8, what is -26 + 302150?
302122
In base 14, what is 11943 + -a?
11937
In base 16, what is -83 + -7b?
-fe
In base 9, what is 2 - -164660?
164662
In base 10, what is -5090 + -165?
-5255
In base 9, what is -3 + 1775478?
1775475
In base 5, what is -3024342 - 0?
-3024342
In base 15, what is -ab - 53?
-10e
In base 14, what is -20 + -8ca3?
-8cc3
In base 6, what is -1045242 + -112?
-1045354
In base 4, what is -10330 + -2332311?
-3003301
In base 12, what is -87 - 150a?
-1595
In base 5, what is -104 + -22241421?
-22242030
In base 5, what is -403 + -440142?
-441100
In base 15, what is 11 - -1841?
1852
In base 13, what is -130 + -49?
-179
In base 12, what is -13 + 3156?
3143
In base 11, what is -32265 - -39?
-32227
In base 14, what is 89c6 + 3?
89c9
In base 8, what is 1660 + 333?
2213
In base 12, what is -43583b4 - -1?
-43583b3
In base 2, what is -100010 + 1111101011?
1111001001
In base 7, what is -4 + 140365?
140361
In base 9, what is 6712 - -452?
7264
In base 2, what is 1000010010 + -10011?
111111111
In base 9, what is 0 - 2300?
-2300
In base 10, what is -14 + -1209?
-1223
In base 15, what is 0 + -293e?
-293e
In base 5, what is 43122014 + -3?
43122011
In base 8, what is -4720 - 4?
-4724
In base 7, what is -5 + 10102354?
10102346
In base 15, what is -1bc3 - -32?
-1b91
In base 8, what is -2454 + 3004?
330
In base 3, what is 1001 - -1020110222?
1020112000
In base 4, what is 23 + -321?
-232
In base 16, what is -b - -c92?
c87
In base 13, what is -1 + -3a48?
-3a49
In base 16, what is -1da - 10d?
-2e7
In base 6, what is 1041 - 20034?
-14553
In base 14, what is -6479 - 2?
-647b
In base 14, what is 1 - -1a9c?
1a9d
In base 10, what is -9672 + 86?
-9586
In base 11, what is 1412 - 1231?
191
In base 15, what is -639 - 5d2?
-c1b
In base 15, what is -3e - 477?
-4b6
In base 16, what is -107a + 3?
-1077
In base 7, what is -1 - -3003162?
3003161
In base 2, what is -1100101110111101 + 110?
-1100101110110111
In base 14, what is -4 + -52c23?
-52c27
In base 14, what is -1 + 116a58?
116a57
In base 3, what is -20 + 1001121002022?
1001121002002
In base 15, what is 14 - 78e8?
-78d4
In base 16, what is -85e - -15?
-849
In base 15, what is -2 - -1a5c?
1a5a
In base 11, what is -2 + 13694?
13692
In base 12, what is 11 - -4b64?
4b75
In base 5, what is 110134 + -23?
110111
In base 9, what is -176726 + 2?
-176724
In base 16, what is 18 - 1f53a?
-1f522
In base 3, what is 2 + -11020110200?
-11020110121
In base 12, what is 2431b - -9?
24328
In base 12, what is -a870 + 18?
-a854
In base 5, what is -1010 + -200013?
-201023
In base 15, what is -522b - 1a?
-5246
In base 11, what is 13 + 43666?
43679
In base 3, what is -1110202111 - -1201?
-1110200210
In base 8, what is 156 + 730?
1106
In base 14, what is -9257 - -2?
-9255
In base 8, what is 2 + -3761262?
-3761260
In base 8, what is 1 + -712017?
-712016
In base 5, what is 434210 + 240?
440000
In base 8, what is 47 + -2127?
-2060
In base 12, what is 1379a9 - 4?
1379a5
In base 6, what is -2 + -5225?
-5231
In base 11, what is 5 + -292586?
-292581
In base 4, what is 2112 - -120003?
122121
In base 5, what is 21 - -3142204?
3142230
In base 6, what is 353 - 553?
-200
In base 10, what is 538079 - -4?
538083
In base 16, what is -1b57 - 8b?
-1be2
In base 8, what is -542440 + -1?
-542441
In base 15, what is -98 + d8a?
ce2
In base 7, what is 21042 + 2?
21044
In base 12, what is 12 + 26195?
261a7
In base 13, what is -2 - 5090?
-5092
In base 10, what is -13 - -753?
740
In base 5, what is 1 + -32133313?
-32133312
In base 2, what is -100100111 + 10001?
-100010110
In base 8, what is -31 - 662?
-713
In base 13, what is -7 - 10211?
-10218
In base 4, what is 2212 - -1032?
3310
In base 13, what is 19c8 + 4?
19cc
In base 13, what is -4 - -a23?
a1c
In base 3, what is -1112 + -1101012201?
-1101021020
In base 16, what is 2 - -5c92a?
5c92c
In base 6, what is 434 - -3353?
4231
In base 9, what is 11816878 + 1?
11816880
In base 14, what is -b7 + 7?
-b0
In base 7, what is 13 - -3245135?
3245151
In base 10, what is 2 - -158902?
158904
In base 5, what is 1132 + -201231?
-200044
In base 11, what is 3 - -90293?
90296
In base 5, what is 2330 - -4331?
12211
In base 7, what is -1416 + -111?
-1530
In base 9, what is -776174 - -3?
-776171
In base 7, what is 3 - -3263642?
3263645
In base 8, what is 3 + 216600?
216603
In base 7, what is -2014 + 1224?
-460
In base 10, what is 11 + 449253?
449264
In base 2, what is 101101100010111011110 - 10?
101101100010111011100
In base 14, what is -3 - -a83da?
a83d7
In base 15, what is 3 - 8dc4?
-8dc1
In base 12, what is -2b8 - -a1?
-217
In base 8, what is 27552373 + -1?
27552372
In base 9, what is -35 + -5714?
-5750
In base 10, what is 579009 + -1?
579008
In base 15, what is 2bea8 - 3?
2bea5
In base 12, what is 41 - 43?
-2
In base 12, what is -379 + 982?
605
In base 2, what is 110100110011 - 1101000110?
100111101101
In base 12, what is 223 + -824b?
-8028
In base 6, what is -4 - -1032022?
1032014
In base 12, what is 2 - 4027?
-4025
In base 10, what is -9079 - -121?
-8958
In base 2, what is 10111010 - -11100000001000?
11100011000010
In base 16, what is d1 + -1574?
-14a3
In base 9, what is -6136 - 5?
-6142
In base 15, what is 6 - 5a7e1?
-5a7da
In b